multiple of 425?
True
Does 2 divide 150792582?
True
Is 759 a factor of 11092785?
True
Does 1306 divide 40675447?
False
Is 63364184 a multiple of 52?
True
Is 2245652 a multiple of 82?
True
Is 6 a factor of 14528794?
False
Is 312567354 a multiple of 831?
True
Does 182 divide 16062003?
False
Does 177 divide 3337728?
False
Does 1806 divide 3335249851?
False
Does 17 divide 21576757?
True
Is 15954694 a multiple of 12?
False
Does 421 divide 480529400?
True
Is 12755884 a multiple of 671?
False
Is 25704225 a multiple of 9?
True
Does 475 divide 151873827?
False
Does 15 divide 636211780?
False
Does 2372 divide 559972?
False
Is 165 a factor of 12255540?
True
Is 97 a factor of 222367910?
False
Is 107345213 a multiple of 3?
False
Does 119 divide 50800505?
True
Is 224 a factor of 22993572?
False
Does 46 divide 469593967?
False
Is 43 a factor of 692507045?
True
Does 11 divide 33424184?
False
Does 624 divide 50492845?
False
Is 2184 a factor of 451437798?
False
Is 245051379 a multiple of 27?
True
Does 9 divide 95750748?
True
Is 12 a factor of 71957517?
False
Does 7 divide 152523504?
True
Does 138 divide 46336130?
False
Is 77645 a multiple of 5?
True
Is 518120974 a multiple of 2022?
False
Is 13064571 a multiple of 351?
True
Does 289 divide 99172988?
False
Does 25 divide 35427398?
False
Is 627 a factor of 128227770?
True
Is 160270084 a multiple of 17?
True
Is 2716 a factor of 424413024?
True
Is 12 a factor of 625327194?
False
Is 44 a factor of 1743488?
False
Does 4590 divide 104248080?
True
Is 41089408 a multiple of 25?
False
Does 2944 divide 10310545?
False
Does 66 divide 558916120?
False
Does 1113 divide 3784932354?
True
Is 23964749 a multiple of 631?
True
Is 885265890 a multiple of 290?
True
Does 65 divide 20081165?
True
Is 3064 a factor of 326229618?
False
Is 39278786 a multiple of 5525?
False
Is 135 a factor of 358857675?
True
Does 148 divide 5409844?
True
Is 706221739 a multiple of 252?
False
Does 25 divide 235833277?
False
Is 16230163 a multiple of 29?
False
Is 5096644 a multiple of 3812?
True
Is 142 a factor of 84730128?
False
Does 330 divide 2948026620?
True
Is 9598930 a multiple of 55?
True
Does 51 divide 1733432064?
True
Is 181335492 a multiple of 9?
True
Does 10 divide 320660466?
False
Is 494 a factor of 907526906?
True
Is 2670 a factor of 573230310?
True
Does 43 divide 80498408?
True
Is 115 a factor of 286260875?
True
Is 188445204 a multiple of 1836?
True
Is 515 a factor of 77582690?
True
Does 703 divide 14055079?
True
Does 200 divide 726259400?
True
Does 1526 divide 3278455073?
False
Is 898702298 a multiple of 26?
True
Is 141 a factor of 173951818?
False
Does 1601 divide 666528596?
False
Is 2674 a factor of 187644290?
False
Does 24 divide 548678640?
True
Is 507591187 a multiple of 29?
False
Is 4 a factor of 553493?
False
Does 2124 divide 329557716?
True
Is 32251849 a multiple of 241?
False
Is 7051322 a multiple of 128?
False
Is 433 a factor of 71063960?
True
Is 3206184784 a multiple of 116?
True
Is 161591808 a multiple of 672?
True
Does 3 divide 36762960?
True
Is 16 a factor of 21944610?
False
Is 296442889 a multiple of 2177?
False
Does 48 divide 3707214096?
True
Is 881 a factor of 95766462?
True
Is 2319 a factor of 2982234?
True
Does 343 divide 80911402?
False
Does 147 divide 19793151?
False
Is 17439081 a multiple of 296?
False
Is 87871422 a multiple of 4126?
True
Is 4560888 a multiple of 87?
True
Is 1889 a factor of 381148029?
False
Is 291900 a multiple of 28?
True
Is 3202 a factor of 293031030?
True
Is 370 a factor of 83170504?
False
Does 3347 divide 11101999?
True
Does 2400 divide 30208382?
False
Is 3 a factor of 351186?
True
Is 298 a factor of 195034412?
False
Is 3 a factor of 38833811?
False
Is 134410336 a multiple of 755?
False
Is 1006146354 a multiple of 95?
False
Does 465 divide 236046090?
True
Is 215061242 a multiple of 13?
False
Is 1537 a factor of 172657358?
True
Is 3084973 a multiple of 198?
False
Is 63 a factor of 2451910293?
True
Is 17 a factor of 101995495?
True
Is 2 a factor of 104182?
True
Does 153 divide 23314351?
False
Is 28673411 a multiple of 7?
False
Is 142 a factor of 35633622?
True
Is 4888 a factor of 723277849?
False
Is 1182316878 a multiple of 44?
False
Is 858 a factor of 284244246?
True
Is 38 a factor of 1080294?
False
Is 753 a factor of 252768763?
False
Is 50 a factor of 30166549?
False
Is 210744092 a multiple of 2353?
True
Is 10 a factor of 21023473?
False
Is 44074810 a multiple of 197?
True
Is 59830320 a multiple of 528?
True
Is 90334994 a multiple of 17?
False
Does 56 divide 31314192?
True
Is 29473486 a multiple of 133?
False
Is 61 a factor of 538933205?
False
Is 19 a factor of 5838775837?
False
Is 1723220800 a multiple of 8?
True
Is 10268133 a multiple of 392?
False
Is 1000063267 a multiple of 43?
False
Does 95 divide 31663996?
False
Is 17 a factor of 24592540?
True
Does 38 divide 1066457992?
True
Is 421235859 a multiple of 10?
False
Is 917248051 a multiple of 43?
False
Is 68364714 a multiple of 18?
False
Is 40 a factor of 206291034?
False
Does 2 divide 3874725?
False
Is 799 a factor of 1036792787?
True
Is 17595582 a multiple of 165?
False
Is 381 a factor of 186631326?
True
Is 36 a factor of 65837520?
True
Is 158 a factor of 3181140?
False
Is 484127195 a multiple of 39?
False
Does 131 divide 904273?
False
Does 1608 divide 523257672?
True
Does 119 divide 34872117?
True
Does 2 divide 94887318?
True
Is 3 a factor of 467322980?
False
Is 633440535 a multiple of 13?
True
Is 1172 a factor of 242896274?
False
Is 407 a factor of 18325989?
True
Does 527 divide 48686368?
True
Is 20 a factor of 373963320?
True
Is 32 a factor of 16755078?
False
Is 600 a factor of 485873089?
False
Is 239948623 a multiple of 929?
True
Does 4 divide 49280124?
True
Does 33 divide 6251427?
False
Is 783 a factor of 17704323?
False
Is 58 a factor of 8637418?
True
Is 483 a factor of 9086690?
False
Is 2189811 a multiple of 2394?
False
Is 57 a factor of 22006161?
True
Is 21881516 a multiple of 878?
True
Is 3 a factor of 168445572?
True
Does 207 divide 4729918?
False
Does 20 divide 254368000?
True
Is 91 a factor of 169613353?
True
Is 16269773 a multiple of 5?
False
Is 3400 a factor of 259260200?
True
Is 230 a factor of 35051080?
True
Is 108185757 a multiple of 61?
True
Is 3 a factor of 1009235329?
False
Is 37 a factor of 41072174?
False
Does 482 divide 370002?
False
Does 3803 divide 69752569?
False
Does 165 divide 2132039745?
True
Is 96 a factor of 380504217?
False
Is 5630014 a multiple of 79?
True
Does 404 divide 221244540?
True
Is 988 a factor of 9529260?
True
Is 784 a factor of 17599232?
True
Is 1033060 a multiple of 940?
True
Is 849 a factor of 595235598?
True
Does 328 divide 94649711?
False
Is 22317694 a multiple of 132?
False
Does 190 divide 77852460?
False
Does 550 divide 880368500?
True
Is 401533209 a multiple of 4323?
True
Is 4005698 a multiple of 157?
True
Is 15 a factor of 32112540?
True
Is 19 a factor of 4947239?
True
Is 30010705 a multiple of 181?
True
Is 1226 a factor of 203589560?
True
Is 12 a factor of 250540134?
False
Does 4533 divide 698145462?
True
Is 32046701 a multiple of 187?
False
Is 70707602 a multiple of 13643?
False
Is 4 a factor of 132348448?
True
Is 92150456 a multiple of 333?
False
Is 2015478431 a multiple of 23?
True
Is 94503711 a multiple of 82?
False
Does 48 divide 2324509536?
True
Is 7537884 a multiple of 311?
False
Does 1668 divide 191855028?
True
Does 1948 divide 989400888?
True
Is 1208 a factor of 219837880?
True
Is 73092020 a multiple of 12?
False
Is 45451025 a multiple of 2084?
False
Is 372 a factor of 42584328?
True
Does 22 divide 43116370?
True
Is 11 a factor of 1501213670?
True
Does 2011 divide 305778583?
True
Is 34 a factor of 733430966?
True
Is 163472850 a multiple of 17?
True
Is 3 a factor of 70271800?
False
Is 158 a factor of 489601347?
False
Does 47 divide 77555516?
False
Is 8154270 a multiple of 810?
True
Does 11 divide 452829146?
True
Is 184 a factor of 16411141?
False
Does 526 divide 40283184?
True
Is 2 a factor of 5529600?
True
Is 1754403429 a multiple of 103?
True
Is 38 a factor of 615795803?
False
Does 1606 divide 3017674?
True
Does 4590 divide 855359587?
False
Is 1056954266 a multiple of 2371?
False
Does 51 divide 7630773?
True
Does 212 divide 8786552?
True
Does 199 divide 18718478?
False
Does 452 di